42*n**2 - 7515*n + 402. Calculate h(-179).
-135
Let a(n) = -10857*n - 42237. Determine a(-4).
1191
Let k(q) = -42*q**2 - 531*q - 1209. Determine k(-3).
6
Let y(z) = 10*z + 2138. What is y(-227)?
-132
Let u(l) = -1439166*l - 10074121. What is u(-7)?
41
Let s(v) = 76236*v - 381160. Determine s(5).
20
Let q(o) = -o**3 - 88*o**2 - 1741*o + 2538. Calculate q(-33).
96
Let w(y) = 29*y**3 + 177*y**2 + 31*y + 96. Determine w(-6).
18
Let n(p) = 113*p + 2381. Give n(-20).
121
Let p(c) = -2*c**3 + 20*c**2 - 92*c + 178. Determine p(4).
2
Let s(a) = 3*a**3 + 26*a**2 - 66*a + 22. Give s(2).
18
Let x(n) = -n**3 - 109*n**2 - 234*n - 592. Calculate x(-107).
1548
Let n(c) = -2*c**2 - 962*c + 54731. Determine n(52).
-701
Let m(n) = 14275*n + 285678. Calculate m(-20).
178
Let x(j) = -4*j**2 + 5018*j - 25095. Give x(5).
-105
Let n(s) = -s**3 + 58*s**2 - 288*s - 3208. Determine n(51).
311
Let t(p) = 27*p**2 - 28337*p - 98983. Determine t(1053).
-1
Let m(h) = -72*h**2 + 323*h + 21. Calculate m(6).
-633
Let x(i) = 87*i**3 + 5*i**2 - 2*i - 2. Calculate x(1).
88
Let n(d) = 2*d**2 + 102*d + 1311. Determine n(-39).
375
Let r(x) = -297*x**2 + 2112*x - 235. What is r(7)?
-4
Let j(r) = 8*r**2 + 389*r + 4457. Determine j(-11).
1146
Let x(z) = 5*z**2 - 204*z + 253. Determine x(39).
-98
Let h(k) = k**2 - 5472*k + 32822. Calculate h(6).
26
Let g(o) = -2*o**3 + 92*o**2 + 1507*o + 1326. Determine g(59).
-267
Let t(b) = -1830*b - 12114. Determine t(-7).
696
Let k(s) = s**2 + 10315*s - 144495. What is k(14)?
111
Let o(k) = -26*k**2 + 107*k + 2909. Calculate o(-10).
-761
Let q(j) = 3*j**3 - 70*j**2 - 96*j + 902. Give q(24).
-250
Let u(p) = -p**3 - 4*p**2 - 53*p - 563. What is u(-8)?
117
Let w(g) = -1775*g - 106490. What is w(-60)?
10
Let t(w) = -418232*w - 2091098. Calculate t(-5).
62
Let k(p) = -13001*p - 5993479. What is k(-461)?
-18
Let u(b) = 10*b**3 + 69*b**2 - 2614*b + 106. Give u(-20).
-14
Let m(x) = -132*x**3 + 5*x**2 + 85*x + 164. Determine m(-2).
1070
Let c(v) = 9*v**2 + 105*v + 511. Determine c(-7).
217
Let s(q) = -q**3 + 68*q**2 - 129*q - 198. What is s(66)?
0
Let w(n) = -n**2 - 407*n - 36997. What is w(-270)?
-7
Let w(g) = -g**3 + 433*g**2 - 562*g + 55452. Calculate w(432).
-708
Let k(t) = -1290*t - 53903. Calculate k(-42).
277
Let f(r) = r**2 + 155*r - 16995. Calculate f(74).
-49
Let p(z) = -99*z**2 + 1217*z - 31. What is p(12)?
317
Let s(i) = -2*i**3 - 67*i**2 + 1153*i + 214. Determine s(-46).
76
Let l(g) = -155*g**3 + 57661*g**2 - 397*g + 9303. Determine l(372).
3
Let i(h) = -15681*h - 62803. What is i(-4)?
-79
Let c(p) = 6*p + 849. What is c(-55)?
519
Let f(d) = -114*d + 11176. Determine f(98).
4
Let w(p) = 295*p**2 - 1814*p + 265. What is w(6)?
1
Let z(f) = -16548*f - 364034. Determine z(-22).
22
Let k(q) = -47*q**2 - 471*q + 42. Determine k(-10).
52
Let i(n) = 162466*n + 1300023. Determine i(-8).
295
Let t(k) = 3582*k + 9820. Give t(-2).
2656
Let l(j) = -3*j**3 - 478*j**2 - 612*j + 3167. Calculate l(-158).
7
Let o(c) = c**3 - 141*c**2 + 3838*c + 7768. Determine o(103).
-60
Let g(c) = -43155*c + 17693548. Calculate g(410).
-2
Let i(r) = 533*r**2 + 3211*r + 89. Determine i(-6).
11
Let n(d) = 139622*d + 29181000. Determine n(-209).
2
Let w(d) = -2*d**3 - 166*d**2 - 183*d - 1565. Give w(-82).
-7
Let v(b) = b**2 + 1303*b + 52635. What is v(-42)?
-327
Let k(c) = -8*c**3 + 6*c**2 + 140*c - 274. Determine k(3).
-16
Let f(b) = b**2 - 1833*b - 57771. What is f(-31)?
13
Let q(z) = 85*z + 9962. Determine q(-120).
-238
Let s(z) = -87*z**2 - 1271*z - 51. Determine s(-14).
691
Let q(y) = -8*y**3 - 372*y**2 - 520*y + 911. What is q(-45)?
11
Let w(d) = 52951*d + 158872. Give w(-3).
19
Let j(l) = -55292*l + 110575. What is j(2)?
-9
Let r(k) = -2362*k - 340130. Calculate r(-144).
-2
Let d(u) = 16*u**2 + 835*u - 106. What is d(-53)?
583
Let q(f) = 10*f**2 - 46*f - 225. Calculate q(9).
171
Let d(o) = 6238*o + 18026. What is d(-3)?
-688
Let c(w) = 220*w + 7208. What is c(-52)?
-4232
Let k(o) = -210*o**3 + o**2 + 193*o + 385. Determine k(-2).
1683
Let x(v) = -v**3 + 1890*v**2 - 264178*v + 3478. Calculate x(1738).
2
Let x(p) = -41277*p + 536494. Determine x(13).
-107
Let h(w) = -w**2 + 1904*w - 621103. What is h(418)?
45
Let v(k) = 10*k**3 - 41*k**2 - 40*k - 79. Calculate v(5).
-54
Let a(t) = -t**2 - 245*t + 16825. Calculate a(57).
-389
Let i(g) = -886*g**3 - 63*g**2 - 117*g + 12. What is i(-2)?
7082
Let g(u) = 2*u**3 - 43*u**2 - 52*u - 152. Determine g(23).
239
Let p(h) = -366*h**2 + 514*h - 513. Give p(1).
-365
Let d(n) = 228*n + 1696. Calculate d(1).
1924
Let t(r) = r**2 - 10*r - 800. Determine t(37).
199
Let g(c) = -c**3 + 2*c**2 + 294*c - 8. Determine g(0).
-8
Let g(k) = 1830*k - 15778. Calculate g(9).
692
Let f(g) = g**3 - 64*g**2 - 297*g + 32292. What is f(60)?
72
Let r(g) = g**3 + 94*g**2 - 1964*g - 184575. Determine r(-94).
41
Let l(f) = -f**3 + 49*f**2 + 797*f - 3838. Calculate l(61).
127
Let s(x) = x**2 - 340*x + 6273. Calculate s(20).
-127
Let a(s) = -s**3 - 3511*s - 17668. Determine a(-5).
12
Let s(m) = 923765*m - 5. Give s(0).
-5
Let t(m) = -137*m**2 - 544*m + 2871. Give t(3).
6
Let m(s) = 35*s**2 - 2947*s + 16921. Give m(78).
-5
Let v(c) = -101*c + 2983. Determine v(36).
-653
Let h(r) = -2*r**2 - 13042*r + 2952117. Give h(219).
-3
Let o(p) = 10*p**3 - 1371*p**2 - 7103*p + 16. Give o(-5).
6
Let d(r) = 9*r**3 + 141*r**2 - 606*r + 2. Determine d(4).
410
Let o(i) = 19*i**2 + 1063*i + 2124. Give o(-2).
74
Let k(y) = 3*y**2 - 9307*y - 9305. Calculate k(-1).
5
Let t(r) = r**3 + 343*r**2 - 2790*r + 6607. What is t(-351)?
289
Let u(b) = 3*b**3 + 903*b**2 - 60*b - 18065. What is u(-301)?
-5
Let d(p) = 692090*p + 4152551. What is d(-6)?
11
Let g(m) = -126*m**2 - 1705*m - 4802. Give g(-4).
2
Let v(q) = q**3 + 18*q**2 - 841*q + 1637. Give v(20).
17
Let d(w) = -149*w**2 + 7004*w + 120. Determine d(47).
167
Let h(q) = 3*q**2 + 1269*q + 37556. Determine h(-32).
20
Let k(g) = -3425*g - 510325. Give k(-149).
0
Let n(z) = 12445*z + 883628. Calculate n(-71).
33
Let h(i) = 7862*i + 542454. Calculate h(-69).
-24
Let w(t) = t**2 - 507*t + 35731. Give w(84).
199
Let i(a) = a**3 + 12*a**2 - 10*a - 253. Give i(-16).
-1117
Let n(m) = -2059*m - 6711. Determine n(-4).
1525
Let j(n) = n**2 + 99*n - 861. Give j(-53).
-3299
Let t(p) = -2*p**3 + 3*p**2 - 501*p + 3300. Calculate t(7).
-746
Let n(w) = -1296*w**2 + 5202*w + 19. Determine n(4).
91
Let m(w) = -931*w**2 + 47479*w - 23. Give m(51).
-125
Let p(i) = -130*i**2 + 2071*i + 142. Determine p(16).
-2
Let q(i) = 2*i**3 + 68*i**2 - 161*i - 202. Give q(-36).
410
Let c(z) = -z**3 + 64*z**2 - 114*z - 137. What is c(62)?
483
Let w(q) = -150*q**2 + 2151*q + 20. Calculate w(14).
734
Let f(m) = m**3 + 259*m**2 - 226*m + 8921. Determine f(-260).
81
Let w(u) = -189526*u + 379059. Calculate w(2).
7
Let o(c) = -1718*c - 10588. Determine o(-6).
-280
Let s(u) = 23510*u + 1058106. Give s(-45).
156
Let a(v) = v**2 + 193*v - 215977. Determine a(378).
-139
Let o(n) = -20041*n + 440772. Calculate o(22).
-130
Let w(s) = -s**3 - 14*s**2 + s + 252. Determine w(-9).
-162
Let c(u) = -4*u**3 - 28*u**2 + 10*u + 52. Calculate c(-7).
-18
Let k(u) = 22*u**3 - 1133*u**2 + 559*u + 92. What is k(51)?
-10
Let x(s) = -2*s**3 + 101*s**2 - 1059*s + 91. Give x(32).
4091
Let i(h) = h**3 + 94*h**2 + 276*h + 582. Determine i(-91).
309
Let f(v) = -7*v**2 + 2518*v - 118577. Give f(304).
-17
Let j(m) = m**2 - 17830*m + 640590. Determine j(36).
6
Let y(o) = 976*o**2 - 9817*o + 581. Determine y(10).
11
Let y(z) = 406*z + 17975. Give y(-45).
-295
Let z(f) = -2*f**3 + 811*f**2 - 22876*f + 352. Give z(375).
-23
Let q(l) = -12*l**3 + 4*l**2 - 266*l - 13. Determine q(0).
-13
Let k(a) = -1334*a - 56017. What is k(-42)?
11
Let r(b) = b**2 - 253994*b - 5842396. Determine r(-23).
-5
Let v(t) = 1457*t**3 + t**2 + 82*t - 82. Calculate v(1).
1458
Let k(m) = -3*m**2 - 62*m - 1324. Give k(-16).
-1100
Let b(z) = 7754*z + 46489. Determine b(-6).
-35
Let n(o) = o**2 + 60*o + 106. Give n(-16).
-598
Let f(z) = 1484303*z + 10390130. Calculate f(-7).
9
Let n(a) = 30568*a + 1620052. Calculate n(-53).
-52
Let x(v) = 324*v**3 + 2*v**2 - 61*v + 60. Calculate x(1).
325
Let n(a) = 9*a**3 - 70*a**2 + 88*a - 167. What is n(7)?
106
Let x(q) = 8890*q - 17680. Determine x(2).
100
Let f(h) = -1096*h**2 + 28500*h + 51. Calculat